{"id":745,"date":"2018-02-12T10:04:16","date_gmt":"2018-02-12T10:04:16","guid":{"rendered":"https:\/\/neu.crghagen.de\/?page_id=745"},"modified":"2018-02-12T13:30:50","modified_gmt":"2018-02-12T13:30:50","slug":"die-jahrgangsstufe-ef-2","status":"publish","type":"page","link":"https:\/\/crghagen.de\/?page_id=745","title":{"rendered":"Die Jahrgangsstufe EF"},"content":{"rendered":"<p>Im zweiten Halbjahr der Jahrgangsstufe EF stehen die <strong>Wahlen f\u00fcr die Leistungskurse<\/strong> und daran anschlie\u00dfend auch die <strong>Wahlen der Grundkurse<\/strong> auf dem Programm. Ihr solltet daher im ersten Halbjahr versuchen herauszufinden, welche der von euch gew\u00e4hlten F\u00e4cher euch liegen und welche eher weniger. Sprecht \u00fcber eine angedachte LK-Wahl auf jeden Fall auch mit eurem Fachlehrer!<\/p>\n<p>Einen \u00dcberblick \u00fcber die sich immer wieder \u00e4ndernden Themen der Qualifikationsphase erhaltet ihr in den jeweiligen Schulcurricula oder auf <a href=\"https:\/\/www.standardsicherung.schulministerium.nrw.de\/cms\/zentralabitur-gost\/faecher\/\">dieser Seite<\/a> des Ministeriums.<\/p>\n<p>Details zu euren Wahlen f\u00fcr die Qualifikationsphase erfahrt ihr bei der Informationsveranstaltung. Deren Datum findet ihr im Schulkalender. Die dort gezeigte Pr\u00e4sentation k\u00f6nnt ihr euch hier herunterladen.<\/p>\n<p>Die Leistungskurs-Wahlen finden bei uns vor den Osterferien statt. Ob ein von euch gew\u00e4hlter LK zustande kommt, erfahrt ihr voraussichtlich ebenfalls noch vor den Ferien. Nach den Osterferien steht dann die Wahl der Grundkurse an. Hierzu nehmen wir uns f\u00fcr jeden von euch so viel Zeit, wie ihr sie ben\u00f6tigt: Eure Grundkurswahlen t\u00e4tigt ihr im individuellen Beratungsgespr\u00e4ch mit einem der Stufenleiter. Daf\u00fcr werdet ihr an einem bereits im Schulkalender festgehaltenen Tag aus dem Unterricht gezogen um bei uns im B\u00fcro eure weitere Schullaufbahn festzulegen. Wir m\u00f6chten euch bitten, auch bereits erste Ideen f\u00fcr <strong>Abiturf\u00e4cher<\/strong> zu entwickeln. Endg\u00fcltig m\u00fcsst ihr diese jedoch erst zu einem sp\u00e4teren Zeitpunkt festlegen.<\/p>\n<p>Um die individuelle Schullaufbahn besser planen zu k\u00f6nnen, bietet sich sp\u00e4testens zu diesem Zeitpunkt die Verwendung des Programms <strong>LUPO<\/strong> an. Es kann an <a href=\"https:\/\/neu.crghagen.de\/?page_id=812\">dieser Stelle<\/a> heruntergeladen werden. Gerne k\u00f6nnt ihr angedachte Wahlen damit schon zu Hause durchspielen.<\/p>\n","protected":false},"excerpt":{"rendered":"<p>Im zweiten Halbjahr der Jahrgangsstufe EF stehen die Wahlen f\u00fcr die Leistungskurse und daran anschlie\u00dfend auch die Wahlen der Grundkurse auf dem Programm. Ihr solltet daher im ersten Halbjahr versuchen herauszufinden, welche der von euch gew\u00e4hlten F\u00e4cher euch liegen und welche eher weniger. Sprecht \u00fcber eine angedachte LK-Wahl auf jeden Fall auch mit eurem Fachlehrer! [&hellip;]<\/p>\n","protected":false},"author":2,"featured_media":0,"parent":358,"menu_order":0,"comment_status":"closed","ping_status":"closed","template":"","meta":{"footnotes":""},"class_list":["post-745","page","type-page","status-publish","hentry","gallery-content-unit"],"_links":{"self":[{"href":"https:\/\/crghagen.de\/index.php?rest_route=\/wp\/v2\/pages\/745","targetHints":{"allow":["GET"]}}],"collection":[{"href":"https:\/\/crghagen.de\/index.php?rest_route=\/wp\/v2\/pages"}],"about":[{"href":"https:\/\/crghagen.de\/index.php?rest_route=\/wp\/v2\/types\/page"}],"author":[{"embeddable":true,"href":"https:\/\/crghagen.de\/index.php?rest_route=\/wp\/v2\/users\/2"}],"replies":[{"embeddable":true,"href":"https:\/\/crghagen.de\/index.php?rest_route=%2Fwp%2Fv2%2Fcomments&post=745"}],"version-history":[{"count":4,"href":"https:\/\/crghagen.de\/index.php?rest_route=\/wp\/v2\/pages\/745\/revisions"}],"predecessor-version":[{"id":815,"href":"https:\/\/crghagen.de\/index.php?rest_route=\/wp\/v2\/pages\/745\/revisions\/815"}],"up":[{"embeddable":true,"href":"https:\/\/crghagen.de\/index.php?rest_route=\/wp\/v2\/pages\/358"}],"wp:attachment":[{"href":"https:\/\/crghagen.de\/index.php?rest_route=%2Fwp%2Fv2%2Fmedia&parent=745"}],"curies":[{"name":"wp","href":"https:\/\/api.w.org\/{rel}","templated":true}]}}

<p>Im zweiten Halbjahr der Jahrgangsstufe EF stehen die <strong>Wahlen für die Leistungskurse</strong> und daran anschließend auch die <strong>Wahlen der Grundkurse</strong> auf dem Programm. Ihr solltet daher im ersten Halbjahr versuchen herauszufinden, welche der von euch gewählten Fächer euch liegen und welche eher weniger. Sprecht über eine angedachte LK-Wahl auf jeden Fall auch mit eurem Fachlehrer!</p>
<p>Einen Überblick über die sich immer wieder ändernden Themen der Qualifikationsphase erhaltet ihr in den jeweiligen Schulcurricula oder auf <a href="https://www.standardsicherung.schulministerium.nrw.de/cms/zentralabitur-gost/faecher/">dieser Seite</a> des Ministeriums.</p>
<p>Details zu euren Wahlen für die Qualifikationsphase erfahrt ihr bei der Informationsveranstaltung. Deren Datum findet ihr im Schulkalender. Die dort gezeigte Präsentation könnt ihr euch hier herunterladen.</p>
<p>Die Leistungskurs-Wahlen finden bei uns vor den Osterferien statt. Ob ein von euch gewählter LK zustande kommt, erfahrt ihr voraussichtlich ebenfalls noch vor den Ferien. Nach den Osterferien steht dann die Wahl der Grundkurse an. Hierzu nehmen wir uns für jeden von euch so viel Zeit, wie ihr sie benötigt: Eure Grundkurswahlen tätigt ihr im individuellen Beratungsgespräch mit einem der Stufenleiter. Dafür werdet ihr an einem bereits im Schulkalender festgehaltenen Tag aus dem Unterricht gezogen um bei uns im Büro eure weitere Schullaufbahn festzulegen. Wir möchten euch bitten, auch bereits erste Ideen für <strong>Abiturfächer</strong> zu entwickeln. Endgültig müsst ihr diese jedoch erst zu einem späteren Zeitpunkt festlegen.</p>
<p>Um die individuelle Schullaufbahn besser planen zu können, bietet sich spätestens zu diesem Zeitpunkt die Verwendung des Programms <strong>LUPO</strong> an. Es kann an <a href="https://neu.crghagen.de/?page_id=812">dieser Stelle</a> heruntergeladen werden. Gerne könnt ihr angedachte Wahlen damit schon zu Hause durchspielen.</p>

<p>Im zweiten Halbjahr der Jahrgangsstufe EF stehen die Wahlen für die Leistungskurse und daran anschließend auch die Wahlen der Grundkurse auf dem Programm. Ihr solltet daher im ersten Halbjahr versuchen herauszufinden, welche der von euch gewählten Fächer euch liegen und welche eher weniger. Sprecht über eine angedachte LK-Wahl auf jeden Fall auch mit eurem Fachlehrer! [&hellip;]</p>
