{"id":565,"date":"2017-11-20T20:33:12","date_gmt":"2017-11-20T19:33:12","guid":{"rendered":"https:\/\/neu.crghagen.de\/?page_id=565"},"modified":"2026-03-11T10:28:04","modified_gmt":"2026-03-11T09:28:04","slug":"anmeldung","status":"publish","type":"page","link":"https:\/\/crghagen.de\/?page_id=565","title":{"rendered":"Anmeldung"},"content":{"rendered":"\t\t<div data-elementor-type=\"wp-page\" data-elementor-id=\"565\" class=\"elementor elementor-565\">\n\t\t\t\t\t\t<div class=\"elementor-inner\">\n\t\t\t\t<div class=\"elementor-section-wrap\">\n\t\t\t\t\t\t\t\t\t<section class=\"elementor-section elementor-top-section elementor-element elementor-element-20dcbb29 elementor-section-boxed elementor-section-height-default elementor-section-height-default\" data-id=\"20dcbb29\" data-element_type=\"section\">\n\t\t\t\t\t\t<div class=\"elementor-container elementor-column-gap-default\">\n\t\t\t\t\t\t\t<div class=\"elementor-row\">\n\t\t\t\t\t<div class=\"elementor-column elementor-col-100 elementor-top-column elementor-element elementor-element-5ad24d22\" data-id=\"5ad24d22\" data-element_type=\"column\">\n\t\t\t<div class=\"elementor-column-wrap elementor-element-populated\">\n\t\t\t\t\t\t\t<div class=\"elementor-widget-wrap\">\n\t\t\t\t\t\t<div class=\"elementor-element elementor-element-71421c6e elementor-drop-cap-yes elementor-drop-cap-view-default elementor-widget elementor-widget-text-editor\" data-id=\"71421c6e\" data-element_type=\"widget\" data-settings=\"{&quot;drop_cap&quot;:&quot;yes&quot;}\" data-widget_type=\"text-editor.default\">\n\t\t\t\t<div class=\"elementor-widget-container\">\n\t\t\t\t\t\t\t\t<div class=\"elementor-text-editor elementor-clearfix\">\n\t\t\t\t<h2><strong>Informationen zum Anmeldeverfahren, Schuljahr 2025\/26<\/strong><\/h2><p>Einen Auszug aus unserem \u00a0Schulprogramm mit allgemeinen Informationen \u00fcber unsere Schule f\u00fcr interessierte Eltern aller Jahrgangsstufen finden Sie <a href=\"https:\/\/crghagen.de\/?page_id=5659\">hier<\/a>.<\/p><p>Im Folgenden haben wir f\u00fcr Sie einen \u00dcberblick \u00fcber das Anmeldeverfahren an unserer Schule f\u00fcr den kommenden 5. Jahrgang sowie f\u00fcr Oberstufensch\u00fcler*innen zusammengestellt.\u00a0<\/p><h3><strong>Informationen f\u00fcr den kommenden 5. Jahrgang<\/strong><\/h3><p>Die Anmeldephase am CRG findet zu folgenden Zeiten statt:<\/p><ul><li>Montag, 23.02.26, 8:30-12:00 Uhr sowie 15:00-17:00 Uhr<\/li><li>Dienstag, 24.02.26, 8:30-12:00 Uhr<\/li><li>Mittwoch, 25.02.26, 8:30-12:00 Uhr<\/li><li>Donnerstag, 26.02.26, 8:30-12:00 Uhr sowie 15:00-17:00 Uhr\u00a0<\/li><\/ul><p>Sie ben\u00f6tigen <strong>keinen<\/strong> Termin. Bitte bringen Sie zur Anmeldung<strong> folgende Unterlagen <\/strong>mit:<\/p><ul><li><strong>Stammbuch<\/strong> (Geburtsurkunde),<\/li><li><strong>Personalausweis der anmeldenden Person<\/strong>,<\/li><li><strong>Halbjahreszeugnis<\/strong> im Original,<\/li><li><strong>Anmeldeschein<\/strong>\u00a0 (4-fach Anmeldeschein der abgebenden Grundschule, der mit dem Zeugnis der Grundschule ausgegeben wird).<\/li><li>das ausgef\u00fcllte <span style=\"color: #0000ff;\"><a style=\"color: #0000ff;\" href=\"https:\/\/crghagen.de\/wp-content\/uploads\/2026\/03\/Anmeldung-Sek.-I-2025-Homepage-ohne-Jahr.docx\"><strong>Anmeldeformular f\u00fcr die Sekundarstufe I<\/strong><\/a><\/span>. <span style=\"color: #0000ff;\"><span style=\"color: #333333;\">Bitte laden Sie dieses herunter und f\u00fcllen Sie es m\u00f6glichst mit einem PC aus. Auf diese Weise k\u00f6nnen die Textfelder ausgef\u00fcllt und die Ankreuzfelder durch einen Doppelklick aktiviert werden.<\/span><\/span><\/li><li>den <strong>Impfausweis<\/strong> mit dem Nachweis \u00fcber den <strong>Masernschutz<\/strong> im Original, falls die abgebende Grundschule dies nicht bereits auf dem Anmeldeschein best\u00e4tigt hat.<\/li><li>Beide Elternteile d\u00fcrfen mit zur Anmeldung kommen. Sollte die Anmeldung jedoch nur von einer erziehungsberechtigten Person vorgenommen werden k\u00f6nnen, bringen Sie bitte vom anderen Elternteil eine ausgef\u00fcllte<span style=\"color: #0000ff;\"> <strong><a style=\"color: #0000ff;\" href=\"https:\/\/crghagen.de\/wp-content\/uploads\/2022\/01\/Vollmacht-Schulanmeldung-1.docx\">Vollmacht<\/a><\/strong>\u00a0<\/span>sowie eine <strong>entsprechende Kopie des Personalausweises<\/strong> mit.<\/li><li>Falls Sie das alleinige Sorgerecht besitzen, legen Sie bitte bei der Anmeldung entsprechende Nachweise (z.B. vom Jugendamt, vom Jugendgericht) vor.<\/li><\/ul><h4><strong>Weitere Informationen:<\/strong><\/h4><p>Bitte lesen Sie vor der Anmeldung die <strong>Nutzungsvereinbarungen <\/strong>sowie die<strong> Datenschutzerkl\u00e4rungen<\/strong>\u00a0f\u00fcr die Sek. I f\u00fcr unsere digitale Lernplattform itslearning:<\/p><ul><li><span style=\"color: #ff0000;\"><a style=\"color: #ff0000;\" href=\"https:\/\/crghagen.de\/wp-content\/uploads\/2019\/02\/Nutzungsordnung-itslearning.pdf\" target=\"_blank\" rel=\"noopener\"><span style=\"color: #0000ff;\">Nutzungsordnung itslearning<\/span><\/a><\/span><\/li><li><a href=\"https:\/\/crghagen.de\/wp-content\/uploads\/2020\/09\/Elternaccounts-Datenschutz-beidseitig.docx\" target=\"_blank\" rel=\"noopener\"><span style=\"color: #ff0000;\"><span style=\"color: #0000ff;\">Elternaccounts Datenschutz<\/span><\/span><\/a><\/li><\/ul><p>Hier k\u00f6nnen Sie zudem die <span style=\"color: #0000ff;\"><a style=\"color: #0000ff;\" href=\"https:\/\/crghagen.de\/wp-content\/uploads\/2018\/06\/Informationen-zum-bilingualen-Zweig.pdf\" target=\"_blank\" rel=\"noopener\">Informationen zum bilingualen Zweig<\/a> <\/span>und die Informationen f\u00fcr das Fach <span style=\"color: #ff0000;\"><a style=\"color: #ff0000;\" href=\"https:\/\/crghagen.de\/wp-content\/uploads\/2018\/06\/Praktische-Philosophie.pdf\" target=\"_blank\" rel=\"noopener\"><span style=\"color: #0000ff;\">Praktische Philosophie<\/span><\/a> <\/span>aufrufen.<\/p><p>Die B\u00fccherliste mit den von den Eltern anzuschaffenden B\u00fcchern f\u00fcr die Sekundarstufen I und II finden Sie <a href=\"https:\/\/crghagen.de\/wp-content\/uploads\/2025\/07\/Eigenanteilige-Lernmittel-CRG-2025_26.pdf\">hier<\/a>.<\/p><h3><strong>Informationen f\u00fcr <\/strong><strong>das 1. Jahr der gymnasialen Oberstufe (Einf\u00fchrungsphase):<\/strong><\/h3><p>Anmeldezeitraum:<\/p><div dir=\"ltr\"><div class=\"v1moz-forward-container\"><ul><li>06.02.\u2013 22.02.2026 (Hauptanmeldephase)<\/li><li class=\"v1WordSection1\">20.04.-03.05.2026 \u00a0(Vergabe der Restpl\u00e4tze)<\/li><\/ul><\/div><\/div><p>(siehe auch <span style=\"color: #0000ff;\"><a style=\"color: #0000ff;\" href=\"https:\/\/www.schueleranmeldung.de\/ProdB\/Startseiten\/login.aspx\">Sch\u00fcler Online)<\/a><\/span><\/p><p>Bitte bringen Sie folgende <strong>Anmeldeunterlagen<\/strong> mit:<\/p><ul><li>Das ausgef\u00fcllte <span style=\"color: #0000ff;\"><strong><a style=\"color: #0000ff;\" href=\"https:\/\/crghagen.de\/wp-content\/uploads\/2025\/08\/Anmeldung-Sek.-II.docx\">Anmeldeformular f\u00fcr die Sekundarstufe II<\/a><\/strong><\/span><\/li><li>Kopie der <strong>Geburtsurkunde<\/strong> des\/der Sch\u00fclerIn<\/li><li>das aktuelle <strong>Halbjahreszeugnis<\/strong>\u00a0im Original<\/li><li>den unterschriebene Ausdruck der <strong>Sch\u00fcler-Online-Anmeldung<\/strong><\/li><li>den <strong>Impfausweis<\/strong> mit dem Nachweis \u00fcber den<strong> Masernschutz<\/strong> im Original<\/li><li>Falls du als Sch\u00fcler*in alleine zur Anmeldung kommst, bring bitte eine von beiden Eltern ausgef\u00fcllte <strong><a href=\"https:\/\/crghagen.de\/wp-content\/uploads\/2022\/01\/Vollmacht-Schulanmeldung-1.docx\"><span style=\"color: #0000ff;\">Vollmacht<\/span><\/a><\/strong>\u00a0sowie eine <strong>entsprechende Kopie der Personalausweise<\/strong>\u00a0(Vorder- und R\u00fcckseite) mit. Auch wenn nur ein Elternteil zur Anmeldung mitkommt, werden eine Vollmacht sowie eine Kopie des Personalausweises des anderen Elternteils ben\u00f6tigt.<\/li><li>Der vollst\u00e4ndig ausgef\u00fcllte<span style=\"color: #0000ff;\"> <a style=\"color: #0000ff;\" href=\"https:\/\/crghagen.de\/wp-content\/uploads\/2024\/01\/Wahlbogen-EF-ab-2024.pdf\">Kurswahlzettel (EF ABI 2027)<\/a> <\/span>(in der Regel 34 oder 35 Stunden) kann bis zum 1. M\u00e4rz nachgereicht werden.<\/li><\/ul><h4><strong>Weitere Informationen f\u00fcr die Sekundarstufe II:<\/strong><\/h4><p>Bitte lesen Sie vor der Anmeldung die Nutzungsvereinbarungen und Datenschutzerkl\u00e4rungen der von uns genutzten Lernplattform itslearning:<\/p><p><span style=\"color: #0000ff;\"><a style=\"color: #0000ff;\" href=\"https:\/\/crghagen.de\/wp-content\/uploads\/2019\/02\/Nutzungsordnung-itslearning.pdf\" target=\"_blank\" rel=\"noopener\">Nutzungsordnung itslearning<\/a><\/span><\/p><p><span style=\"color: #0000ff;\"><a style=\"color: #0000ff;\" href=\"https:\/\/crghagen.de\/wp-content\/uploads\/2020\/09\/Elternaccounts-Datenschutz-beidseitig.docx\" target=\"_blank\" rel=\"noopener\">Elternaccounts Datenschutz<\/a><\/span><\/p><p>F\u00fcr R\u00fcckfragen zum Anmeldeverfahren oder\u00a0 Terminabsprachen zur Beratung f\u00fcr die Kurswahl (bis sp\u00e4testens 1. M\u00e4rz eines jeden Jahres) nutzen Sie bitte folgende Emailadresse: renfordt@crghagen.de.<\/p><p>Die B\u00fccherliste mit den von den Eltern anzuschaffenden B\u00fcchern f\u00fcr die Sekundarstufen I und II finden Sie zu gegebener Zeit an dieser Stelle.<\/p><h3><strong>Informationen f\u00fcr das 2. Jahr oder 3. Jahr der gymnasialen Oberstufe (Q1 oder Q2)<\/strong><\/h3><p>Der Einstieg in die Einf\u00fchrungsphase stellt den Normalfall dar. Manchmal kann es jedoch auch n\u00f6tig oder sinnvoll sein, zu einem sp\u00e4teren Zeitpunkt die Schule zu wechseln. Dies funktioniert jedoch nur in Ausnahmef\u00e4llen. Bitte wende dich bitte zun\u00e4chst per E-Mail direkt an die Oberstufenkoordinatorin Frau Renfordt: renfordt@crghagen.de. Schildere in deiner E-Mail bitte deine individuellen Gr\u00fcnde f\u00fcr den Schulwechsel zu diesem Zeitpunkt, deine aktuellen F\u00e4cherwahlen und nenne zudem den Namen deines aktuellen Stufenleiters, welcher idealerweise bereits \u00fcber deinen Wunsch bzgl. eines Schulwechsels informiert sein sollte.<\/p>\t\t\t\t\t<\/div>\n\t\t\t\t\t\t<\/div>\n\t\t\t\t<\/div>\n\t\t\t\t\t\t<\/div>\n\t\t\t\t\t<\/div>\n\t\t<\/div>\n\t\t\t\t\t\t\t\t<\/div>\n\t\t\t\t\t<\/div>\n\t\t<\/section>\n\t\t\t\t\t\t\t\t\t<\/div>\n\t\t\t<\/div>\n\t\t\t\t\t<\/div>\n\t\t","protected":false},"excerpt":{"rendered":"<p>Informationen zum Anmeldeverfahren, Schuljahr 2025\/26 Einen Auszug aus unserem \u00a0Schulprogramm mit allgemeinen Informationen \u00fcber unsere Schule f\u00fcr interessierte Eltern aller Jahrgangsstufen finden Sie hier. Im Folgenden haben wir f\u00fcr Sie einen \u00dcberblick \u00fcber das Anmeldeverfahren an unserer Schule f\u00fcr den kommenden 5. Jahrgang sowie f\u00fcr Oberstufensch\u00fcler*innen zusammengestellt.\u00a0 Informationen f\u00fcr den kommenden 5. Jahrgang Die Anmeldephase [&hellip;]<\/p>\n","protected":false},"author":2,"featured_media":0,"parent":0,"menu_order":0,"comment_status":"closed","ping_status":"closed","template":"","meta":{"footnotes":""},"class_list":["post-565","page","type-page","status-publish","hentry","gallery-content-unit"],"_links":{"self":[{"href":"https:\/\/crghagen.de\/index.php?rest_route=\/wp\/v2\/pages\/565","targetHints":{"allow":["GET"]}}],"collection":[{"href":"https:\/\/crghagen.de\/index.php?rest_route=\/wp\/v2\/pages"}],"about":[{"href":"https:\/\/crghagen.de\/index.php?rest_route=\/wp\/v2\/types\/page"}],"author":[{"embeddable":true,"href":"https:\/\/crghagen.de\/index.php?rest_route=\/wp\/v2\/users\/2"}],"replies":[{"embeddable":true,"href":"https:\/\/crghagen.de\/index.php?rest_route=%2Fwp%2Fv2%2Fcomments&post=565"}],"version-history":[{"count":435,"href":"https:\/\/crghagen.de\/index.php?rest_route=\/wp\/v2\/pages\/565\/revisions"}],"predecessor-version":[{"id":6536,"href":"https:\/\/crghagen.de\/index.php?rest_route=\/wp\/v2\/pages\/565\/revisions\/6536"}],"wp:attachment":[{"href":"https:\/\/crghagen.de\/index.php?rest_route=%2Fwp%2Fv2%2Fmedia&parent=565"}],"curies":[{"name":"wp","href":"https:\/\/api.w.org\/{rel}","templated":true}]}}