{"id":2467,"date":"2019-11-07T13:09:56","date_gmt":"2019-11-07T12:09:56","guid":{"rendered":"https:\/\/crghagen.de\/?page_id=2467"},"modified":"2026-01-05T10:31:05","modified_gmt":"2026-01-05T09:31:05","slug":"franzoesisch","status":"publish","type":"page","link":"https:\/\/crghagen.de\/?page_id=2467","title":{"rendered":"Franz\u00f6sisch"},"content":{"rendered":"\t\t<div data-elementor-type=\"wp-page\" data-elementor-id=\"2467\" class=\"elementor elementor-2467\">\n\t\t\t\t\t\t<div class=\"elementor-inner\">\n\t\t\t\t<div class=\"elementor-section-wrap\">\n\t\t\t\t\t\t\t\t\t<section class=\"elementor-section elementor-top-section elementor-element elementor-element-3c13943b elementor-section-boxed elementor-section-height-default elementor-section-height-default\" data-id=\"3c13943b\" data-element_type=\"section\">\n\t\t\t\t\t\t<div class=\"elementor-container elementor-column-gap-default\">\n\t\t\t\t\t\t\t<div class=\"elementor-row\">\n\t\t\t\t\t<div class=\"elementor-column elementor-col-100 elementor-top-column elementor-element elementor-element-7616ba7\" data-id=\"7616ba7\" data-element_type=\"column\">\n\t\t\t<div class=\"elementor-column-wrap elementor-element-populated\">\n\t\t\t\t\t\t\t<div class=\"elementor-widget-wrap\">\n\t\t\t\t\t\t<div class=\"elementor-element elementor-element-6ef22dce elementor-widget elementor-widget-text-editor\" data-id=\"6ef22dce\" data-element_type=\"widget\" data-widget_type=\"text-editor.default\">\n\t\t\t\t<div class=\"elementor-widget-container\">\n\t\t\t\t\t\t\t\t<div class=\"elementor-text-editor elementor-clearfix\">\n\t\t\t\t<p>Das Fach Franz\u00f6sisch wird aktuell von unseren <strong>Fachlehrerinnen Frau Holz, Frau Buckup, Frau Wilde und Frau Sommer<\/strong> ab der <strong>Jahrgangsstufe 7<\/strong>\u00a0unterrichtet und bei ausreichend gro\u00dfer Anwahl in der Oberstufe in der <strong>Einf\u00fchrungsphase<\/strong> als neueinsetzende Fremdsprache angeboten.<\/p><p>Die Franz\u00f6sischkurse in der Regel einen unser beiden <strong>Fachr\u00e4ume (A23 und A27<\/strong>). Die Fachr\u00e4ume sind mit W\u00f6rterb\u00fcchern und zus\u00e4tzlichem Lehrmaterial wie z.B. Lernplakaten, landeskundlichem Karten- und Bildmaterial ausgestattet. Au\u00dferdem bieten sie die technischen M\u00f6glichkeiten, H\u00f6r- und Sehverstehen mit den Sch\u00fclerinnen und Sch\u00fclern zu \u00fcben. So wird der Fachraum zu einer m\u00f6glichst authentischen Lernumgebung, in der die Kommunikation auf der Zielsprache Franz\u00f6sisch stattfinden kann.<\/p><p>Der moderne Fremdsprachenunterricht zeichnet sich durch das Prinzip der <strong>Einsprachigkeit<\/strong> aus und verfolgt das Ziel, m\u00fcndlich wie schriftlich eine hohe <strong>kommunikative Kompetenz<\/strong> in der (i.d.R. zweiten) Fremdsprache Franz\u00f6sisch zu erreichen. Abweichungen vom Prinzip der Einsprachigkeit kann es z.B. in Phasen der Metareflexion \u00fcber Sprache, Methoden und Lernprozesse geben. In den j\u00fcngeren Jahrgangsstufen wird v.a. bei Erkl\u00e4rungen zur Grammatik auf die deutsche Sprache zur\u00fcckgegriffen.<\/p><p>Im Mittelpunkt des Unterrichts steht\u00a0 der Erwerb der <strong>Kernkompetenzen Sprechen, H\u00f6ren, Schreiben und Lesen<\/strong> der franz\u00f6sischen Sprache. Guter Franz\u00f6sischunterricht ist in hohem Ma\u00df gekennzeichnet von kreativen, anwendungsbezogenen und abwechslungsreichen Aufgaben, die an die Lebenswirklichkeit der Lernerinnen und Lerner ankn\u00fcpfen und sich unterschiedlicher Arbeits- und Sozialformen bedienen. Besonders bei den j\u00fcngeren Sch\u00fclerinnen und Sch\u00fclern unterst\u00fctzen Lieder und Musik, Filme\/Videoclips, aber auch Malen und Basteln die Lernprozesse. Dabei greifen wir f\u00fcr die <strong>Sekundarstufe I<\/strong> auf das Lehrwerk <strong>\u201eD\u00e9couvertes. S\u00e9rie jaune\u201c<\/strong> aus dem Klettverlag zur\u00fcck. In der Oberstufe arbeiten wir in der <strong>Einf\u00fchrungsphase<\/strong> ebenfalls mit den entsprechenden Lehrwerken aus dem Klettverlag. In der <strong>Qualifikationsphase<\/strong> wird auf themenspezifisches Material aus verschiedenen Quellen zur\u00fcckgegriffen.<\/p><p>Unsere Schule bietet au\u00dferdem die M\u00f6glichkeit\u2026<\/p><p>\u2026an verschiedenen Angeboten des <strong>Institut Fran\u04abais<\/strong> (z.B. France Mobil) teilzunehmen.<\/p><p>\u2026 an Wettbewerben \u00fcber Land und Sprache teilzunehmen (z.B. der Internet-Team-Wettbewerb).<\/p><p>\u2026f\u00fcr begabte Sch\u00fclerinnen und Sch\u00fcler ab Klasse 7 im <strong>Dreht\u00fcrmodell <\/strong>parallel den Latein- und Franz\u00f6sischunterricht zu besuchen<\/p><p>\u2026 f\u00fcr interessierte Sch\u00fclerinnen und Sch\u00fcler ab Klasse 8 an einer AG teilzunehmen, die auf die DELF-Pr\u00fcfung vorbereitet. Das <strong>DELF-Zertifikat<\/strong> kann in mehreren Stufen des europ\u00e4ischen Referenzrahmens f\u00fcr Sprachen erworben werden.<\/p><p>\u2026 ab Klasse 9 an einer <strong>eint\u00e4gigen Fahrt<\/strong> in eine frankophone Stadt teilzunehmen. Die Fachschaft FRZ bietet j\u00e4hrlich ein- oder mehrt\u00e4gige Fahrten ins nahgelegende frankophone Ausland (z.B. nach Belgien &#8211; Li\u00e8ge, Luxemburg &#8211; Luxemburg-Stadt, o.\u00c4.) an.<\/p><p>\u2026 in der Qualifikationsphase das Fach Franz\u00f6sisch als Leistungskurs zu w\u00e4hlen.<\/p><p>\u2026 <strong>individuell<\/strong> an einem Sch\u00fcleraustausch oder Praktikum in Frankreich teilzunehmen (Bitte sprechen Sie die Fachlehrerinnen bei Interesse gezielt darauf an!).<\/p><p><a href=\"https:\/\/crghagen.de\/wp-content\/uploads\/2018\/06\/Schulinternes-Curriculum-Franz\u00f6sisch-Sekundarstufe-I.pdf\">Schulinternes Curriculum Franz\u00f6sisch Sek I<\/a><\/p><p><a href=\"https:\/\/crghagen.de\/wp-content\/uploads\/2018\/06\/Schulinternes_Curriculum_CRG_Sek_II_Franzo\u00a6\u00easisch_2.pdf\">Schulinternes_Curriculum Franz\u00f6sisch Sek II<\/a><\/p>\t\t\t\t\t<\/div>\n\t\t\t\t\t\t<\/div>\n\t\t\t\t<\/div>\n\t\t\t\t\t\t<\/div>\n\t\t\t\t\t<\/div>\n\t\t<\/div>\n\t\t\t\t\t\t\t\t<\/div>\n\t\t\t\t\t<\/div>\n\t\t<\/section>\n\t\t\t\t\t\t\t\t\t<\/div>\n\t\t\t<\/div>\n\t\t\t\t\t<\/div>\n\t\t","protected":false},"excerpt":{"rendered":"<p>Das Fach Franz\u00f6sisch wird aktuell von unseren Fachlehrerinnen Frau Holz, Frau Buckup, Frau Wilde und Frau Sommer ab der Jahrgangsstufe 7\u00a0unterrichtet und bei ausreichend gro\u00dfer Anwahl in der Oberstufe in der Einf\u00fchrungsphase als neueinsetzende Fremdsprache angeboten. Die Franz\u00f6sischkurse in der Regel einen unser beiden Fachr\u00e4ume (A23 und A27). Die Fachr\u00e4ume sind mit W\u00f6rterb\u00fcchern und zus\u00e4tzlichem [&hellip;]<\/p>\n","protected":false},"author":3,"featured_media":0,"parent":0,"menu_order":0,"comment_status":"closed","ping_status":"closed","template":"","meta":{"footnotes":""},"class_list":["post-2467","page","type-page","status-publish","hentry","gallery-content-unit"],"_links":{"self":[{"href":"https:\/\/crghagen.de\/index.php?rest_route=\/wp\/v2\/pages\/2467","targetHints":{"allow":["GET"]}}],"collection":[{"href":"https:\/\/crghagen.de\/index.php?rest_route=\/wp\/v2\/pages"}],"about":[{"href":"https:\/\/crghagen.de\/index.php?rest_route=\/wp\/v2\/types\/page"}],"author":[{"embeddable":true,"href":"https:\/\/crghagen.de\/index.php?rest_route=\/wp\/v2\/users\/3"}],"replies":[{"embeddable":true,"href":"https:\/\/crghagen.de\/index.php?rest_route=%2Fwp%2Fv2%2Fcomments&post=2467"}],"version-history":[{"count":16,"href":"https:\/\/crghagen.de\/index.php?rest_route=\/wp\/v2\/pages\/2467\/revisions"}],"predecessor-version":[{"id":6415,"href":"https:\/\/crghagen.de\/index.php?rest_route=\/wp\/v2\/pages\/2467\/revisions\/6415"}],"wp:attachment":[{"href":"https:\/\/crghagen.de\/index.php?rest_route=%2Fwp%2Fv2%2Fmedia&parent=2467"}],"curies":[{"name":"wp","href":"https:\/\/api.w.org\/{rel}","templated":true}]}}

Französisch

<div data-elementor-type="wp-page" data-elementor-id="2467" class="elementor elementor-2467">
						<div class="elementor-inner">
				<div class="elementor-section-wrap">
									<section class="elementor-section elementor-top-section elementor-element elementor-element-3c13943b elementor-section-boxed elementor-section-height-default elementor-section-height-default" data-id="3c13943b" data-element_type="section">
						<div class="elementor-container elementor-column-gap-default">
							<div class="elementor-row">
					<div class="elementor-column elementor-col-100 elementor-top-column elementor-element elementor-element-7616ba7" data-id="7616ba7" data-element_type="column">
			<div class="elementor-column-wrap elementor-element-populated">
							<div class="elementor-widget-wrap">
						<div class="elementor-element elementor-element-6ef22dce elementor-widget elementor-widget-text-editor" data-id="6ef22dce" data-element_type="widget" data-widget_type="text-editor.default">
				<div class="elementor-widget-container">
								<div class="elementor-text-editor elementor-clearfix">
				<p>Das Fach Französisch wird aktuell von unseren <strong>Fachlehrerinnen Frau Holz, Frau Buckup, Frau Wilde und Frau Sommer</strong> ab der <strong>Jahrgangsstufe 7</strong> unterrichtet und bei ausreichend großer Anwahl in der Oberstufe in der <strong>Einführungsphase</strong> als neueinsetzende Fremdsprache angeboten.</p><p>Die Französischkurse in der Regel einen unser beiden <strong>Fachräume (A23 und A27</strong>). Die Fachräume sind mit Wörterbüchern und zusätzlichem Lehrmaterial wie z.B. Lernplakaten, landeskundlichem Karten- und Bildmaterial ausgestattet. Außerdem bieten sie die technischen Möglichkeiten, Hör- und Sehverstehen mit den Schülerinnen und Schülern zu üben. So wird der Fachraum zu einer möglichst authentischen Lernumgebung, in der die Kommunikation auf der Zielsprache Französisch stattfinden kann.</p><p>Der moderne Fremdsprachenunterricht zeichnet sich durch das Prinzip der <strong>Einsprachigkeit</strong> aus und verfolgt das Ziel, mündlich wie schriftlich eine hohe <strong>kommunikative Kompetenz</strong> in der (i.d.R. zweiten) Fremdsprache Französisch zu erreichen. Abweichungen vom Prinzip der Einsprachigkeit kann es z.B. in Phasen der Metareflexion über Sprache, Methoden und Lernprozesse geben. In den jüngeren Jahrgangsstufen wird v.a. bei Erklärungen zur Grammatik auf die deutsche Sprache zurückgegriffen.</p><p>Im Mittelpunkt des Unterrichts steht  der Erwerb der <strong>Kernkompetenzen Sprechen, Hören, Schreiben und Lesen</strong> der französischen Sprache. Guter Französischunterricht ist in hohem Maß gekennzeichnet von kreativen, anwendungsbezogenen und abwechslungsreichen Aufgaben, die an die Lebenswirklichkeit der Lernerinnen und Lerner anknüpfen und sich unterschiedlicher Arbeits- und Sozialformen bedienen. Besonders bei den jüngeren Schülerinnen und Schülern unterstützen Lieder und Musik, Filme/Videoclips, aber auch Malen und Basteln die Lernprozesse. Dabei greifen wir für die <strong>Sekundarstufe I</strong> auf das Lehrwerk <strong>„Découvertes. Série jaune“</strong> aus dem Klettverlag zurück. In der Oberstufe arbeiten wir in der <strong>Einführungsphase</strong> ebenfalls mit den entsprechenden Lehrwerken aus dem Klettverlag. In der <strong>Qualifikationsphase</strong> wird auf themenspezifisches Material aus verschiedenen Quellen zurückgegriffen.</p><p>Unsere Schule bietet außerdem die Möglichkeit…</p><p>…an verschiedenen Angeboten des <strong>Institut Franҫais</strong> (z.B. France Mobil) teilzunehmen.</p><p>… an Wettbewerben über Land und Sprache teilzunehmen (z.B. der Internet-Team-Wettbewerb).</p><p>…für begabte Schülerinnen und Schüler ab Klasse 7 im <strong>Drehtürmodell </strong>parallel den Latein- und Französischunterricht zu besuchen</p><p>… für interessierte Schülerinnen und Schüler ab Klasse 8 an einer AG teilzunehmen, die auf die DELF-Prüfung vorbereitet. Das <strong>DELF-Zertifikat</strong> kann in mehreren Stufen des europäischen Referenzrahmens für Sprachen erworben werden.</p><p>… ab Klasse 9 an einer <strong>eintägigen Fahrt</strong> in eine frankophone Stadt teilzunehmen. Die Fachschaft FRZ bietet jährlich ein- oder mehrtägige Fahrten ins nahgelegende frankophone Ausland (z.B. nach Belgien &#8211; Liège, Luxemburg &#8211; Luxemburg-Stadt, o.Ä.) an.</p><p>… in der Qualifikationsphase das Fach Französisch als Leistungskurs zu wählen.</p><p>… <strong>individuell</strong> an einem Schüleraustausch oder Praktikum in Frankreich teilzunehmen (Bitte sprechen Sie die Fachlehrerinnen bei Interesse gezielt darauf an!).</p><p><a href="https://crghagen.de/wp-content/uploads/2018/06/Schulinternes-Curriculum-Französisch-Sekundarstufe-I.pdf">Schulinternes Curriculum Französisch Sek I</a></p><p><a href="https://crghagen.de/wp-content/uploads/2018/06/Schulinternes_Curriculum_CRG_Sek_II_Franzo¦êsisch_2.pdf">Schulinternes_Curriculum Französisch Sek II</a></p>					</div>
						</div>
				</div>
						</div>
					</div>
		</div>
								</div>
					</div>
		</section>
									</div>
			</div>
					</div>

<p>Das Fach Französisch wird aktuell von unseren Fachlehrerinnen Frau Holz, Frau Buckup, Frau Wilde und Frau Sommer ab der Jahrgangsstufe 7 unterrichtet und bei ausreichend großer Anwahl in der Oberstufe in der Einführungsphase als neueinsetzende Fremdsprache angeboten. Die Französischkurse in der Regel einen unser beiden Fachräume (A23 und A27). Die Fachräume sind mit Wörterbüchern und zusätzlichem [&hellip;]</p>
