{"id":2395,"date":"2019-10-30T13:46:54","date_gmt":"2019-10-30T12:46:54","guid":{"rendered":"https:\/\/crghagen.de\/?page_id=2395"},"modified":"2019-10-30T13:46:54","modified_gmt":"2019-10-30T12:46:54","slug":"muellentsorgung","status":"publish","type":"page","link":"https:\/\/crghagen.de\/?page_id=2395","title":{"rendered":"M\u00fcllentsorgung"},"content":{"rendered":"<p>Leider k\u00f6nnen wir uns nicht davon freisprechen, M\u00fcll zu produzieren. Die Frage, die wir uns aber gestellt haben, ist, wie man den M\u00fcll reduzieren kann und wie wir mit dem entstandenen M\u00fcll umgehen.<\/p>\n","protected":false},"excerpt":{"rendered":"<p>Leider k\u00f6nnen wir uns nicht davon freisprechen, M\u00fcll zu produzieren. Die Frage, die wir uns aber gestellt haben, ist, wie man den M\u00fcll reduzieren kann und wie wir mit dem entstandenen M\u00fcll umgehen.<\/p>\n","protected":false},"author":3,"featured_media":0,"parent":0,"menu_order":0,"comment_status":"closed","ping_status":"closed","template":"","meta":{"footnotes":""},"class_list":["post-2395","page","type-page","status-publish","hentry","gallery-content-unit"],"_links":{"self":[{"href":"https:\/\/crghagen.de\/index.php?rest_route=\/wp\/v2\/pages\/2395","targetHints":{"allow":["GET"]}}],"collection":[{"href":"https:\/\/crghagen.de\/index.php?rest_route=\/wp\/v2\/pages"}],"about":[{"href":"https:\/\/crghagen.de\/index.php?rest_route=\/wp\/v2\/types\/page"}],"author":[{"embeddable":true,"href":"https:\/\/crghagen.de\/index.php?rest_route=\/wp\/v2\/users\/3"}],"replies":[{"embeddable":true,"href":"https:\/\/crghagen.de\/index.php?rest_route=%2Fwp%2Fv2%2Fcomments&post=2395"}],"version-history":[{"count":1,"href":"https:\/\/crghagen.de\/index.php?rest_route=\/wp\/v2\/pages\/2395\/revisions"}],"predecessor-version":[{"id":2396,"href":"https:\/\/crghagen.de\/index.php?rest_route=\/wp\/v2\/pages\/2395\/revisions\/2396"}],"wp:attachment":[{"href":"https:\/\/crghagen.de\/index.php?rest_route=%2Fwp%2Fv2%2Fmedia&parent=2395"}],"curies":[{"name":"wp","href":"https:\/\/api.w.org\/{rel}","templated":true}]}}