{"id":239,"date":"2017-03-28T20:23:12","date_gmt":"2017-03-28T18:23:12","guid":{"rendered":"https:\/\/crghagenblog.wordpress.com\/?page_id=239"},"modified":"2018-06-06T07:41:16","modified_gmt":"2018-06-06T07:41:16","slug":"sport","status":"publish","type":"page","link":"https:\/\/crghagen.de\/?page_id=239","title":{"rendered":"Sport"},"content":{"rendered":"<p>Das Christian-Rohlfs-Gymnasium als typisches Stadtteil-Gymnasium, das eine sehr heterogene Sch\u00fclerschicht aufweist, ist auch im Bereich Sport darum bem\u00fcht, das Angebot m\u00f6glichst vielf\u00e4ltig anzulegen.<\/p>\n<p><img loading=\"lazy\" decoding=\"async\" class=\"size-medium wp-image-1341 alignright\" src=\"https:\/\/neu.crghagen.de\/wp-content\/uploads\/2018\/06\/CRG_061-300x200.jpg\" alt=\"\" width=\"300\" height=\"200\" srcset=\"https:\/\/crghagen.de\/wp-content\/uploads\/2018\/06\/CRG_061-300x200.jpg 300w, https:\/\/crghagen.de\/wp-content\/uploads\/2018\/06\/CRG_061-768x512.jpg 768w, https:\/\/crghagen.de\/wp-content\/uploads\/2018\/06\/CRG_061-1024x683.jpg 1024w\" sizes=\"auto, (max-width: 300px) 100vw, 300px\" \/>Neben dem regul\u00e4ren Schulsport, der den Kindern und Jugendlichen bereits breit gef\u00e4cherte Bewegungserfahrungen erm\u00f6glicht und dessen Highlight die mehrt\u00e4gige Skiexkursion in der Jahrgangsstufe 9 bildet, ist auch das dar\u00fcber hinaus gehende Angebot vielschichtig. So werden am CRG unter anderem Arbeitsgemeinschaften in g\u00e4ngigen Sportarten wie Volleyball, Basketball und Tischtennis angeboten; dar\u00fcber hinaus wird eine Spiel und Sport AG f\u00fcr die j\u00fcngeren Jahrg\u00e4nge angeboten ebenso wie eine Tanz AG. In diesem Zusammenhang besteht eine Kooperation mit Hasper Vereinen wie dem TTC Hagen, um die AGs zu unterst\u00fctzen und den Jugendlichen unmittelbar eine Anbindung an ortsans\u00e4ssige Vereine zu erm\u00f6glichen. Der AG-Plan wird von Schuljahr zu Schuljahr ver\u00e4ndert, um auch auf m\u00f6gliche Trendsportarten einzugehen.<\/p>\n<p>Unterst\u00fctzt wird dieses Angebot durch die Sporthelferausbildung, die am CRG im 9. Jahrgang durchgef\u00fchrt wird. Hier durchlaufen die Teilnehmerinnen und Teilnehmer \u00fcber ein Jahr hinweg eine kompetente Ausbildung, die mit einem Zertifikat des Landes Sport Bundes abgeschlossen wird. Dieses qualifiziert sie, sich anschlie\u00dfend in der Pausensportbetreuung, bei Sportfesten oder auch in Arbeitsgemeinschaften aktiv einzubringen. Ferner haben die Sch\u00fclerinnen und Sch\u00fcler die M\u00f6glichkeit, sich in der Oberstufe zu Skihelfern weiterbilden zu lassen und die Skifahrt im 9. Jahrgang zu begleiten. Im Schuljahr 2017\/2018 ist erstmalig ein Projektkurs im Fach Sport an den Start gegangen, um die Sporthelferausbildung zum einen zu erweitern und zum anderen, um Nicht-Sporthelfern die M\u00f6glichkeit zu geben, weitergehende Erfahrungen in diesem Bereich zu sammeln. Die Teilnehmerinnen und Teilnehmer dieses Kurses besuchen f\u00fcr ein Jahr den Sportunterricht in einer Grundschule bzw. das Training in einem Verein, \u00fcbernehmen hier nach und nach Unterrichts- und Trainingselemente selbstst\u00e4ndig und f\u00fchren am Ende ein selbstorganisiertes Projekt durch, wie z.B. ein V\u00f6lkerballturnier f\u00fcr die Jahrgangsstufen 3.<\/p>\n<p>Sportfeste werden am CRG gro\u00df gefeiert: Speziell f\u00fcr die Jahrg\u00e4nge 5 und 6 werden hier die Bundesjugendspiele im Bereich Turnen durchgef\u00fchrt und dar\u00fcber hinaus wird einmal im Jahr ein gro\u00dfes Fu\u00dfballturnier veranstaltet. F\u00fcr die gesamte Schule findet j\u00e4hrlich ein Tag im Zeichen des Deutschen Sportabzeichens statt.<\/p>\n<p>Auch die besonders talentierten Kinder und Jugendlichen k\u00f6nnen sich an unserer Schule ihren Neigungen entsprechend in Schulmannschaften einbringen, die aktiv am Spielbetrieb der Schulmeisterschaften auf regionaler und ggf. \u00fcberregionaler Ebene teilnehmen. Ein H\u00f6hepunkt im Schulleben bildet dar\u00fcber hinaus der Sportehrentag, bei dem die Sch\u00fclerinnen und Sch\u00fcler f\u00fcr besondere Leistungen im Bereich Sport ausgezeichnet werden.<\/p>\n<p><a href=\"https:\/\/neu.crghagen.de\/wp-content\/uploads\/2018\/06\/150820_schulcurriculum_sport_crg.pdf\">Curriculum Sport<\/a><\/p>\n","protected":false},"excerpt":{"rendered":"<p>Das Christian-Rohlfs-Gymnasium als typisches Stadtteil-Gymnasium, das eine sehr heterogene Sch\u00fclerschicht aufweist, ist auch im Bereich Sport darum bem\u00fcht, das Angebot m\u00f6glichst vielf\u00e4ltig anzulegen. Neben dem regul\u00e4ren Schulsport, der den Kindern und Jugendlichen bereits breit gef\u00e4cherte Bewegungserfahrungen erm\u00f6glicht und dessen Highlight die mehrt\u00e4gige Skiexkursion in der Jahrgangsstufe 9 bildet, ist auch das dar\u00fcber hinaus gehende Angebot [&hellip;]<\/p>\n","protected":false},"author":2,"featured_media":0,"parent":202,"menu_order":0,"comment_status":"closed","ping_status":"closed","template":"","meta":{"footnotes":""},"class_list":["post-239","page","type-page","status-publish","hentry","gallery-content-unit"],"_links":{"self":[{"href":"https:\/\/crghagen.de\/index.php?rest_route=\/wp\/v2\/pages\/239","targetHints":{"allow":["GET"]}}],"collection":[{"href":"https:\/\/crghagen.de\/index.php?rest_route=\/wp\/v2\/pages"}],"about":[{"href":"https:\/\/crghagen.de\/index.php?rest_route=\/wp\/v2\/types\/page"}],"author":[{"embeddable":true,"href":"https:\/\/crghagen.de\/index.php?rest_route=\/wp\/v2\/users\/2"}],"replies":[{"embeddable":true,"href":"https:\/\/crghagen.de\/index.php?rest_route=%2Fwp%2Fv2%2Fcomments&post=239"}],"version-history":[{"count":3,"href":"https:\/\/crghagen.de\/index.php?rest_route=\/wp\/v2\/pages\/239\/revisions"}],"predecessor-version":[{"id":1511,"href":"https:\/\/crghagen.de\/index.php?rest_route=\/wp\/v2\/pages\/239\/revisions\/1511"}],"up":[{"embeddable":true,"href":"https:\/\/crghagen.de\/index.php?rest_route=\/wp\/v2\/pages\/202"}],"wp:attachment":[{"href":"https:\/\/crghagen.de\/index.php?rest_route=%2Fwp%2Fv2%2Fmedia&parent=239"}],"curies":[{"name":"wp","href":"https:\/\/api.w.org\/{rel}","templated":true}]}}