{"id":226,"date":"2017-03-28T20:20:30","date_gmt":"2017-03-28T18:20:30","guid":{"rendered":"https:\/\/crghagenblog.wordpress.com\/?page_id=226"},"modified":"2025-09-29T08:22:47","modified_gmt":"2025-09-29T07:22:47","slug":"sprachen","status":"publish","type":"page","link":"https:\/\/crghagen.de\/?page_id=226","title":{"rendered":"Sprachen"},"content":{"rendered":"\t\t<div data-elementor-type=\"wp-page\" data-elementor-id=\"226\" class=\"elementor elementor-226\">\n\t\t\t\t\t\t<div class=\"elementor-inner\">\n\t\t\t\t<div class=\"elementor-section-wrap\">\n\t\t\t\t\t\t\t\t\t<section class=\"elementor-section elementor-top-section elementor-element elementor-element-29bfc8e8 elementor-section-boxed elementor-section-height-default elementor-section-height-default\" data-id=\"29bfc8e8\" data-element_type=\"section\">\n\t\t\t\t\t\t<div class=\"elementor-container elementor-column-gap-default\">\n\t\t\t\t\t\t\t<div class=\"elementor-row\">\n\t\t\t\t\t<div class=\"elementor-column elementor-col-100 elementor-top-column elementor-element elementor-element-53cb2d45\" data-id=\"53cb2d45\" data-element_type=\"column\">\n\t\t\t<div class=\"elementor-column-wrap elementor-element-populated\">\n\t\t\t\t\t\t\t<div class=\"elementor-widget-wrap\">\n\t\t\t\t\t\t<div class=\"elementor-element elementor-element-61639e0d elementor-widget elementor-widget-text-editor\" data-id=\"61639e0d\" data-element_type=\"widget\" data-widget_type=\"text-editor.default\">\n\t\t\t\t<div class=\"elementor-widget-container\">\n\t\t\t\t\t\t\t\t<div class=\"elementor-text-editor elementor-clearfix\">\n\t\t\t\t<h3>F\u00e4cherangebot<\/h3><p>Neben dem Fach <a href=\"https:\/\/neu.crghagen.de\/?page_id=244\">Deutsch<\/a> werden am CRG verschiedene Fremdsprachen unterrichtet:<\/p><ul><li>ab Klasse 5: <a style=\"color: #efbf21;\" href=\"https:\/\/neu.crghagen.de\/?page_id=246\">Englisch<\/a> (regul\u00e4r oder im <a href=\"https:\/\/neu.crghagen.de\/?page_id=346\">bilingualen Zweig<\/a>)<\/li><li>ab Klasse 7: <a style=\"color: #efbf21;\" href=\"https:\/\/neu.crghagen.de\/?page_id=248\">Franz\u00f6sisch<\/a> oder <a style=\"color: #efbf21;\" href=\"https:\/\/neu.crghagen.de\/?page_id=252\">Latein<\/a><\/li><li>ab Klasse 8: <a style=\"color: #efbf21;\" href=\"https:\/\/neu.crghagen.de\/?page_id=501\">Spanisch<\/a> (m\u00f6gliches Wahlpflichtfach)<\/li><li>In der Oberstufe k\u00f6nnen die Sch\u00fcler bereits erlernte Fremdsprachen fortf\u00fchren. Zudem k\u00f6nnen Sie <a style=\"color: #efbf21;\" href=\"https:\/\/neu.crghagen.de\/?page_id=501\">Spanisch<\/a> oder <a style=\"color: #efbf21;\" href=\"https:\/\/neu.crghagen.de\/?page_id=248\">Franz\u00f6sisch<\/a> als neueinsetzende Fremdsprachen w\u00e4hlen. (Die tats\u00e4chliche Einrichtung beider Sprachen als neueinsetzender Fremdsprachen ist Abh\u00e4ngig vom Wahlverhalten der Sch\u00fcler.)<\/li><\/ul><p>Der Sprachunterricht am CRG in den F\u00e4chern Englisch, Franz\u00f6sisch, Spanisch und Latein<\/p><ul><li>f\u00f6rdert Sprachkompetenz im zunehmend globalisierten und vernetzten Europa und der Welt;<\/li><li>schafft neue Perspektiven und erh\u00f6hte Wettbewerbschancen auf dem Arbeitsmarkt;<\/li><li>schafft eine Plattform f\u00fcr interkulturelles Lernen durch intensive Auseinandersetzung mit verschiedenen Kulturen sowie der eigenen;<\/li><li>erweitert den Horizont und liefert Impulse zu selbstbestimmtem Lernen sowie zur Pers\u00f6nlichkeitsentwicklung.<\/li><\/ul><p>\u00a0<\/p><h3>Auch interkulturelle Begegnungen geh\u00f6ren dazu<\/h3><p><strong>Fach Franz\u00f6sisch<\/strong><\/p><p>J\u00e4hrliches Angebot von zwei- bis dreit\u00e4gigen Fahrten in frankophone Nachbarl\u00e4nder (z.B. Frankreich, Belgien, Luxemburg) ab JGST 9 zur F\u00f6rderung der Sprachf\u00e4higkeit und des interkulturellen Lernens in einem authentischen Rahmen.<\/p><p><strong>Fach Englisch<\/strong><\/p><p>In der Oberstufe sind Kursfahrten ins englischsprachige Ausland m\u00f6glich. Auch hier geht es um den kulturellen Austausch sowie um die Aktivierung und Erweiterung der Sprachkenntnisse in vielf\u00e4ltigen Situationen.<\/p>\t\t\t\t\t<\/div>\n\t\t\t\t\t\t<\/div>\n\t\t\t\t<\/div>\n\t\t\t\t\t\t<\/div>\n\t\t\t\t\t<\/div>\n\t\t<\/div>\n\t\t\t\t\t\t\t\t<\/div>\n\t\t\t\t\t<\/div>\n\t\t<\/section>\n\t\t\t\t\t\t\t\t\t<\/div>\n\t\t\t<\/div>\n\t\t\t\t\t<\/div>\n\t\t","protected":false},"excerpt":{"rendered":"<p>F\u00e4cherangebot Neben dem Fach Deutsch werden am CRG verschiedene Fremdsprachen unterrichtet: ab Klasse 5: Englisch (regul\u00e4r oder im bilingualen Zweig) ab Klasse 7: Franz\u00f6sisch oder Latein ab Klasse 8: Spanisch (m\u00f6gliches Wahlpflichtfach) In der Oberstufe k\u00f6nnen die Sch\u00fcler bereits erlernte Fremdsprachen fortf\u00fchren. Zudem k\u00f6nnen Sie Spanisch oder Franz\u00f6sisch als neueinsetzende Fremdsprachen w\u00e4hlen. (Die tats\u00e4chliche Einrichtung [&hellip;]<\/p>\n","protected":false},"author":2,"featured_media":0,"parent":202,"menu_order":0,"comment_status":"closed","ping_status":"closed","template":"","meta":{"footnotes":""},"class_list":["post-226","page","type-page","status-publish","hentry","gallery-content-unit"],"_links":{"self":[{"href":"https:\/\/crghagen.de\/index.php?rest_route=\/wp\/v2\/pages\/226","targetHints":{"allow":["GET"]}}],"collection":[{"href":"https:\/\/crghagen.de\/index.php?rest_route=\/wp\/v2\/pages"}],"about":[{"href":"https:\/\/crghagen.de\/index.php?rest_route=\/wp\/v2\/types\/page"}],"author":[{"embeddable":true,"href":"https:\/\/crghagen.de\/index.php?rest_route=\/wp\/v2\/users\/2"}],"replies":[{"embeddable":true,"href":"https:\/\/crghagen.de\/index.php?rest_route=%2Fwp%2Fv2%2Fcomments&post=226"}],"version-history":[{"count":23,"href":"https:\/\/crghagen.de\/index.php?rest_route=\/wp\/v2\/pages\/226\/revisions"}],"predecessor-version":[{"id":6288,"href":"https:\/\/crghagen.de\/index.php?rest_route=\/wp\/v2\/pages\/226\/revisions\/6288"}],"up":[{"embeddable":true,"href":"https:\/\/crghagen.de\/index.php?rest_route=\/wp\/v2\/pages\/202"}],"wp:attachment":[{"href":"https:\/\/crghagen.de\/index.php?rest_route=%2Fwp%2Fv2%2Fmedia&parent=226"}],"curies":[{"name":"wp","href":"https:\/\/api.w.org\/{rel}","templated":true}]}}