{"id":210,"date":"2017-03-28T20:13:35","date_gmt":"2017-03-28T18:13:35","guid":{"rendered":"https:\/\/crghagenblog.wordpress.com\/?page_id=210"},"modified":"2025-09-29T08:28:54","modified_gmt":"2025-09-29T07:28:54","slug":"ausserhalb-der-schule","status":"publish","type":"page","link":"https:\/\/crghagen.de\/?page_id=210","title":{"rendered":"Au\u00dferschulische Lernorte"},"content":{"rendered":"<p>Au\u00dferschulischer Lernorte spielen f\u00fcr das Lernen am CRG eine wichtige Rolle. Der Besuch folgender Lernorte ist im Schulprogramm festgeschrieben und somit f\u00fcr alle Sch\u00fclerinnen und Sch\u00fcler verbindlich vorgesehen:<\/p>\n<p><span style=\"text-decoration: underline;\">Klasse 5: <\/span><\/p>\n<ul>\n<li>Besuch eines Theaterst\u00fcckes<\/li>\n<\/ul>\n<p><span style=\"text-decoration: underline;\">Klasse 6: <\/span><\/p>\n<ul>\n<li>Obligatorische mehrt\u00e4gige Klassenfahrt<\/li>\n<\/ul>\n<p><span style=\"text-decoration: underline;\">Klasse 7: <\/span><\/p>\n<ul>\n<li>Informationen folgen<\/li>\n<\/ul>\n<p><span style=\"text-decoration: underline;\">Klasse 8: <\/span><\/p>\n<ul>\n<li>Informationen folgen<\/li>\n<\/ul>\n<p><span style=\"text-decoration: underline;\">Klasse 9:<\/span><\/p>\n<ul>\n<li><a href=\"https:\/\/neu.crghagen.de\/?page_id=863\">Skifreizeit<\/a> im Ahrntal (Italien)<\/li>\n<\/ul>\n<p><span style=\"text-decoration: underline;\">Klasse 10:<\/span><\/p>\n<ul>\n<li>individuelles Betriebspraktikum<\/li>\n<\/ul>\n<p><span style=\"text-decoration: underline;\">Jahrgangsstufe Q1:<\/span><\/p>\n<ul>\n<li>Stufenfahrt<\/li>\n<li>Besuch einer Universit\u00e4tsbibliothek (FernUniversit\u00e4t Hagen \/ TU Dortmund \/ Ruhruniversit\u00e4t Bochum \/ Bergische Universit\u00e4t Wuppertal)<\/li>\n<\/ul>\n<p><span style=\"text-decoration: underline;\">Jahrgangsstufe Q2: <\/span><\/p>\n<ul>\n<li>Kursexkursionen nach Absprache<\/li>\n<\/ul>\n<h4><strong>Hinzu kommen individuelle Exkursionen, z.B.<\/strong><\/h4>\n<ul>\n<li>ins Kunstquartier Hagen<\/li>\n<li>ins Kunstmuseum K21 in D\u00fcsseldorf<\/li>\n<li>Tagesausfl\u00fcge in europ\u00e4ische Metropolen<\/li>\n<\/ul>\n<p>&nbsp;<\/p>\n<div id=\"attachment_883\" style=\"width: 137px\" class=\"wp-caption alignleft\"><img loading=\"lazy\" decoding=\"async\" aria-describedby=\"caption-attachment-883\" class=\"wp-image-883\" src=\"https:\/\/neu.crghagen.de\/wp-content\/uploads\/2018\/02\/k21-169x300.jpg\" alt=\"\" width=\"127\" height=\"225\" srcset=\"https:\/\/crghagen.de\/wp-content\/uploads\/2018\/02\/k21-169x300.jpg 169w, https:\/\/crghagen.de\/wp-content\/uploads\/2018\/02\/k21.jpg 540w\" sizes=\"auto, (max-width: 127px) 100vw, 127px\" \/><p id=\"caption-attachment-883\" class=\"wp-caption-text\">Besuch in der K21<\/p><\/div>\n<div id=\"attachment_878\" style=\"width: 310px\" class=\"wp-caption alignleft\"><img loading=\"lazy\" decoding=\"async\" aria-describedby=\"caption-attachment-878\" class=\"wp-image-878 size-medium\" src=\"https:\/\/neu.crghagen.de\/wp-content\/uploads\/2018\/02\/london2-300x225.jpg\" alt=\"\" width=\"300\" height=\"225\" srcset=\"https:\/\/crghagen.de\/wp-content\/uploads\/2018\/02\/london2-300x225.jpg 300w, https:\/\/crghagen.de\/wp-content\/uploads\/2018\/02\/london2-768x576.jpg 768w, https:\/\/crghagen.de\/wp-content\/uploads\/2018\/02\/london2-1024x768.jpg 1024w, https:\/\/crghagen.de\/wp-content\/uploads\/2018\/02\/london2.jpg 1181w\" sizes=\"auto, (max-width: 300px) 100vw, 300px\" \/><p id=\"caption-attachment-878\" class=\"wp-caption-text\">Tagesausflug nach London<\/p><\/div>\n<div id=\"attachment_1123\" style=\"width: 137px\" class=\"wp-caption alignleft\"><img loading=\"lazy\" decoding=\"async\" aria-describedby=\"caption-attachment-1123\" class=\"wp-image-1123\" src=\"https:\/\/neu.crghagen.de\/wp-content\/uploads\/2018\/04\/20150617_105645-e1524585689949-169x300.jpg\" alt=\"\" width=\"127\" height=\"226\" srcset=\"https:\/\/crghagen.de\/wp-content\/uploads\/2018\/04\/20150617_105645-e1524585689949-169x300.jpg 169w, https:\/\/crghagen.de\/wp-content\/uploads\/2018\/04\/20150617_105645-e1524585689949-768x1365.jpg 768w, https:\/\/crghagen.de\/wp-content\/uploads\/2018\/04\/20150617_105645-e1524585689949-576x1024.jpg 576w\" sizes=\"auto, (max-width: 127px) 100vw, 127px\" \/><p id=\"caption-attachment-1123\" class=\"wp-caption-text\">Mehrt\u00e4gige Exkursion nach Weimar<\/p><\/div>\n<p>&nbsp;<\/p>\n<p>&nbsp;<\/p>\n<p>&nbsp;<\/p>\n<p>&nbsp;<\/p>\n<p>&nbsp;<\/p>\n<p>&nbsp;<\/p>\n<p>&nbsp;<\/p>\n<div id=\"attachment_1124\" style=\"width: 410px\" class=\"wp-caption alignnone\"><img loading=\"lazy\" decoding=\"async\" aria-describedby=\"caption-attachment-1124\" class=\"wp-image-1124\" src=\"https:\/\/neu.crghagen.de\/wp-content\/uploads\/2018\/04\/20151204_161136-300x169.jpg\" alt=\"\" width=\"400\" height=\"225\" srcset=\"https:\/\/crghagen.de\/wp-content\/uploads\/2018\/04\/20151204_161136-300x169.jpg 300w, https:\/\/crghagen.de\/wp-content\/uploads\/2018\/04\/20151204_161136-768x432.jpg 768w, https:\/\/crghagen.de\/wp-content\/uploads\/2018\/04\/20151204_161136-1024x576.jpg 1024w\" sizes=\"auto, (max-width: 400px) 100vw, 400px\" \/><p id=\"caption-attachment-1124\" class=\"wp-caption-text\">Exkursion nach Berlin inkl. eines Besuches im Deutschen Bundestag<\/p><\/div>\n<p>&nbsp;<\/p>\n<p>&nbsp;<\/p>\n","protected":false},"excerpt":{"rendered":"<p>Au\u00dferschulischer Lernorte spielen f\u00fcr das Lernen am CRG eine wichtige Rolle. Der Besuch folgender Lernorte ist im Schulprogramm festgeschrieben und somit f\u00fcr alle Sch\u00fclerinnen und Sch\u00fcler verbindlich vorgesehen: Klasse 5: Besuch eines Theaterst\u00fcckes Klasse 6: Obligatorische mehrt\u00e4gige Klassenfahrt Klasse 7: Informationen folgen Klasse 8: Informationen folgen Klasse 9: Skifreizeit im Ahrntal (Italien) Klasse 10: individuelles [&hellip;]<\/p>\n","protected":false},"author":2,"featured_media":0,"parent":200,"menu_order":0,"comment_status":"closed","ping_status":"closed","template":"","meta":{"footnotes":""},"class_list":["post-210","page","type-page","status-publish","hentry","gallery-content-unit"],"_links":{"self":[{"href":"https:\/\/crghagen.de\/index.php?rest_route=\/wp\/v2\/pages\/210","targetHints":{"allow":["GET"]}}],"collection":[{"href":"https:\/\/crghagen.de\/index.php?rest_route=\/wp\/v2\/pages"}],"about":[{"href":"https:\/\/crghagen.de\/index.php?rest_route=\/wp\/v2\/types\/page"}],"author":[{"embeddable":true,"href":"https:\/\/crghagen.de\/index.php?rest_route=\/wp\/v2\/users\/2"}],"replies":[{"embeddable":true,"href":"https:\/\/crghagen.de\/index.php?rest_route=%2Fwp%2Fv2%2Fcomments&post=210"}],"version-history":[{"count":33,"href":"https:\/\/crghagen.de\/index.php?rest_route=\/wp\/v2\/pages\/210\/revisions"}],"predecessor-version":[{"id":6292,"href":"https:\/\/crghagen.de\/index.php?rest_route=\/wp\/v2\/pages\/210\/revisions\/6292"}],"up":[{"embeddable":true,"href":"https:\/\/crghagen.de\/index.php?rest_route=\/wp\/v2\/pages\/200"}],"wp:attachment":[{"href":"https:\/\/crghagen.de\/index.php?rest_route=%2Fwp%2Fv2%2Fmedia&parent=210"}],"curies":[{"name":"wp","href":"https:\/\/api.w.org\/{rel}","templated":true}]}}