{"id":185,"date":"2017-03-28T19:53:16","date_gmt":"2017-03-28T19:53:16","guid":{"rendered":"https:\/\/crghagenblog.wordpress.com\/?page_id=185"},"modified":"2018-04-25T13:49:58","modified_gmt":"2018-04-25T13:49:58","slug":"elternvertretung","status":"publish","type":"page","link":"https:\/\/crghagen.de\/?page_id=185","title":{"rendered":"Elternvertretung"},"content":{"rendered":"<p>In allen Klassen und Jahrgangsstufen werden zu Beginn eines jeden Schuljahres auf den Elternpflegschaftsabenden Vertreterinnen und Vertreter gew\u00e4hlt, die die Elterninteressen der jeweiligen Lerngruppe dann in der Schulpflegschaft vertritt. Dies ist das Gremium, in der sich die Eltern unserer Sch\u00fclerinnen und Sch\u00fcler beraten und austauschen k\u00f6nnen.<\/p>\n<p>Von allen Vertreterinnen und Vertretern der Schulpflegschaft werden sechs Mitglieder in die Schulkonferenz gew\u00e4hlt, in der alle wesentlichen Entscheidungen unter dem Vorsitz der Schulleitung getroffen werden. Neben den Elternvertretern sind noch jeweils sechs Sch\u00fclerinnen und Sch\u00fcler und Lehrerinnen und Lehrer Teil der Schulkonferenz.<\/p>\n<p>Wenn Sie Interesse haben, die Zukunft unserer Schule in der Schulkonferent aktiv mitzugestalten, so k\u00f6nnen Sie sich zur Wahl stellen.<\/p>\n","protected":false},"excerpt":{"rendered":"<p>In allen Klassen und Jahrgangsstufen werden zu Beginn eines jeden Schuljahres auf den Elternpflegschaftsabenden Vertreterinnen und Vertreter gew\u00e4hlt, die die Elterninteressen der jeweiligen Lerngruppe dann in der Schulpflegschaft vertritt. Dies ist das Gremium, in der sich die Eltern unserer Sch\u00fclerinnen und Sch\u00fcler beraten und austauschen k\u00f6nnen. Von allen Vertreterinnen und Vertretern der Schulpflegschaft werden sechs [&hellip;]<\/p>\n","protected":false},"author":2,"featured_media":0,"parent":9,"menu_order":0,"comment_status":"closed","ping_status":"closed","template":"","meta":{"footnotes":""},"class_list":["post-185","page","type-page","status-publish","hentry","gallery-content-unit"],"_links":{"self":[{"href":"https:\/\/crghagen.de\/index.php?rest_route=\/wp\/v2\/pages\/185","targetHints":{"allow":["GET"]}}],"collection":[{"href":"https:\/\/crghagen.de\/index.php?rest_route=\/wp\/v2\/pages"}],"about":[{"href":"https:\/\/crghagen.de\/index.php?rest_route=\/wp\/v2\/types\/page"}],"author":[{"embeddable":true,"href":"https:\/\/crghagen.de\/index.php?rest_route=\/wp\/v2\/users\/2"}],"replies":[{"embeddable":true,"href":"https:\/\/crghagen.de\/index.php?rest_route=%2Fwp%2Fv2%2Fcomments&post=185"}],"version-history":[{"count":4,"href":"https:\/\/crghagen.de\/index.php?rest_route=\/wp\/v2\/pages\/185\/revisions"}],"predecessor-version":[{"id":1157,"href":"https:\/\/crghagen.de\/index.php?rest_route=\/wp\/v2\/pages\/185\/revisions\/1157"}],"up":[{"embeddable":true,"href":"https:\/\/crghagen.de\/index.php?rest_route=\/wp\/v2\/pages\/9"}],"wp:attachment":[{"href":"https:\/\/crghagen.de\/index.php?rest_route=%2Fwp%2Fv2%2Fmedia&parent=185"}],"curies":[{"name":"wp","href":"https:\/\/api.w.org\/{rel}","templated":true}]}}