{"id":1358,"date":"2018-06-03T18:37:25","date_gmt":"2018-06-03T18:37:25","guid":{"rendered":"https:\/\/neu.crghagen.de\/?page_id=1358"},"modified":"2020-02-05T09:04:23","modified_gmt":"2020-02-05T08:04:23","slug":"presse","status":"publish","type":"page","link":"https:\/\/crghagen.de\/?page_id=1358","title":{"rendered":"Presse"},"content":{"rendered":"<p>Nat\u00fcrlich wird das Christian-Rohlfs-Gymnasium auch in der lokalen Presse erw\u00e4hnt. Hier wollen wir Ihnen einen \u00dcberblick \u00fcber die Artikel inkl. einer Verlinkung liefern. Um zu den einzelnen Beitr\u00e4gen zu gelangen, klicken Sie einfach auf eben diese.<\/p>\n<ul>\n<li><strong>Wochenkurier, 02.06.2018: Haspe und das CRG &#8211; das geh\u00f6rt zusammen<\/strong><\/li>\n<li><a href=\"https:\/\/www.wochenkurier.de\/lokales\/hagen\/hasper-kirmes-2018\/haspe-und-crg-das-gehoert-zusammen\/97568\/\">https:\/\/www.wochenkurier.de\/lokales\/hagen\/hasper-kirmes-2018\/haspe-und-crg-das-gehoert-zusammen\/97568\/<\/a><\/li>\n<\/ul>\n<p>&nbsp;<\/p>\n<ul>\n<li><strong>Westfalenpost.de, Bild.de, Spiegelonline.de, WDR.de, 19.11.2018: Artikel \/ Bericht zum Baum &#8222;Schule ohne Rassismus &#8211; Schule mit Courage&#8220;<\/strong><\/li>\n<li><a href=\"http:\/\/www.spiegel.de\/lebenundlernen\/schule\/hagen-baum-gegen-rassismus-an-schule-gefaellt-staatsschutz-ermittelt-a-1239398.html\">http:\/\/www.spiegel.de\/lebenundlernen\/schule\/hagen-baum-gegen-rassismus-an-schule-gefaellt-staatsschutz-ermittelt-a-1239398.html<\/a><\/li>\n<li><a href=\"https:\/\/www.wp.de\/staedte\/hagen\/wieder-unwuerdige-aktion-taeter-faellen-antirassismus-baum-id215835013.html\">https:\/\/www.wp.de\/staedte\/hagen\/wieder-unwuerdige-aktion-taeter-faellen-antirassismus-baum-id215835013.html<\/a><\/li>\n<li><a href=\"https:\/\/www.bild.de\/regional\/ruhrgebiet\/ruhrgebiet-aktuell\/hagen-baum-stand-fuer-toleranz-unbekannte-faellen-schueler-symbol-58543698.bild.html\">https:\/\/www.bild.de\/regional\/ruhrgebiet\/ruhrgebiet-aktuell\/hagen-baum-stand-fuer-toleranz-unbekannte-faellen-schueler-symbol-58543698.bild.html<\/a><\/li>\n<li><a href=\"https:\/\/www1.wdr.de\/mediathek\/video\/sendungen\/lokalzeit-dortmund\/video-lokalzeit-aus-dortmund-2132.html\">https:\/\/www1.wdr.de\/mediathek\/video\/sendungen\/lokalzeit-dortmund\/video-lokalzeit-aus-dortmund-2132.html<\/a><\/li>\n<\/ul>\n<p>&nbsp;<\/p>\n<ul>\n<li><strong>RadioHagen.de, 25.01.2019: Bericht \u00fcber den Schnupperkurs einzelner Sch\u00fcler bei der SIHK:<\/strong><\/li>\n<li><a href=\"https:\/\/www.107.7radiohagen.de\/nc\/hagen\/lokalnachrichten\/lokalnachrichten\/archive\/2019\/01\/25\/article\/-e726046d11.html?cHash=2d6d68f5a21388af5f4981b2f944685a&amp;sword_list%5B0%5D=crg\">https:\/\/www.107.7radiohagen.de\/nc\/hagen\/lokalnachrichten\/lokalnachrichten\/archive\/2019\/01\/25\/article\/-e726046d11.html?cHash=2d6d68f5a21388af5f4981b2f944685a&amp;sword_list%5B0%5D=crg<\/a><\/li>\n<\/ul>\n<p>&nbsp;<\/p>\n<ul>\n<li>Westfalenpost: Bericht \u00fcber den bilingualen Unterricht:<\/li>\n<li><a href=\"https:\/\/crghagen.de\/wp-content\/uploads\/2020\/01\/WP-Artikel-Bilingualer-Zweig-14.01.2020.pdf\">WP Artikel Bilingualer Zweig 14.01.2020<\/a><\/li>\n<\/ul>\n<p>&nbsp;<\/p>\n<ul>\n<li>Westfalenpost: Bericht \u00fcber den Physik Vertiefungskurs:<\/li>\n<li><a href=\"https:\/\/crghagen.de\/wp-content\/uploads\/2020\/01\/WP-21.01.-Physik-Vertiefungskurs.pdf\">WP 21.01. Physik Vertiefungskurs<\/a><\/li>\n<\/ul>\n","protected":false},"excerpt":{"rendered":"<p>Nat\u00fcrlich wird das Christian-Rohlfs-Gymnasium auch in der lokalen Presse erw\u00e4hnt. Hier wollen wir Ihnen einen \u00dcberblick \u00fcber die Artikel inkl. einer Verlinkung liefern. Um zu den einzelnen Beitr\u00e4gen zu gelangen, klicken Sie einfach auf eben diese. Wochenkurier, 02.06.2018: Haspe und das CRG &#8211; das geh\u00f6rt zusammen https:\/\/www.wochenkurier.de\/lokales\/hagen\/hasper-kirmes-2018\/haspe-und-crg-das-gehoert-zusammen\/97568\/ &nbsp; Westfalenpost.de, Bild.de, Spiegelonline.de, WDR.de, 19.11.2018: Artikel \/ [&hellip;]<\/p>\n","protected":false},"author":3,"featured_media":0,"parent":0,"menu_order":0,"comment_status":"closed","ping_status":"closed","template":"","meta":{"footnotes":""},"class_list":["post-1358","page","type-page","status-publish","hentry","gallery-content-unit"],"_links":{"self":[{"href":"https:\/\/crghagen.de\/index.php?rest_route=\/wp\/v2\/pages\/1358","targetHints":{"allow":["GET"]}}],"collection":[{"href":"https:\/\/crghagen.de\/index.php?rest_route=\/wp\/v2\/pages"}],"about":[{"href":"https:\/\/crghagen.de\/index.php?rest_route=\/wp\/v2\/types\/page"}],"author":[{"embeddable":true,"href":"https:\/\/crghagen.de\/index.php?rest_route=\/wp\/v2\/users\/3"}],"replies":[{"embeddable":true,"href":"https:\/\/crghagen.de\/index.php?rest_route=%2Fwp%2Fv2%2Fcomments&post=1358"}],"version-history":[{"count":13,"href":"https:\/\/crghagen.de\/index.php?rest_route=\/wp\/v2\/pages\/1358\/revisions"}],"predecessor-version":[{"id":2722,"href":"https:\/\/crghagen.de\/index.php?rest_route=\/wp\/v2\/pages\/1358\/revisions\/2722"}],"wp:attachment":[{"href":"https:\/\/crghagen.de\/index.php?rest_route=%2Fwp%2Fv2%2Fmedia&parent=1358"}],"curies":[{"name":"wp","href":"https:\/\/api.w.org\/{rel}","templated":true}]}}